- 10. Suppose t*c = -c. Let o(v) = -v**3 + v + 4. Calculate o(c).
4
Suppose 3*d + 2*d = 0. Let h(l) = -3*l - 8 + d*l + 2*l. Suppose 2*x + x + 15 = 0. Calculate h(x).
-3
Let y be (-3)/(-4 - -1) + 3. Suppose -q - 2 = 0, -y*g - 2*q = 3 - 7. Let j(f) = 2*f**2 - 2*f + 1. What is j(g)?
5
Let p(f) = f**2 - 6*f - 7. Let k be p(7). Suppose k = 2*a + 2*a. Let n(g) = 4*g**2 + 1 - 11*g**2 + 8*g**2. Determine n(a).
1
Let y be 4/(-18) - (-40)/18. Let j(i) = 9*i - 1. Let q(p) = -8*p + 1. Let n(c) = 6*j(c) + 7*q(c). Give n(y).
-3
Suppose -4*a + 4*v = -28, 2*v - 4*v = 5*a. Let z(x) be the first derivative of -x**2/2 + 3*x + 13. Calculate z(a).
1
Suppose -h = -5*n + 9, -2*h - 3*n + 0 = -8. Let m(k) = -5*k**2. Let o be m(h). Let f(w) = -2*w + 13. Let p(d) = d - 6. Let s(b) = -4*f(b) - 9*p(b). Give s(o).
7
Let p(z) = -z**2 + 2*z + 5. Suppose 0 = 9*q - 4*q - 25. What is p(q)?
-10
Let c(n) = n**2 - 9*n - 10. Let s be c(10). Let v(w) = -w**2 + w - 8. Give v(s).
-8
Let z(v) = 287*v**2 + 6*v - 1 - 2 - 286*v**2 + 9. What is z(-6)?
6
Let g(m) = -2*m - 9. Let i be g(-7). Let k(l) = i*l**2 - 7*l + 0*l + 7*l. Suppose 2 = -4*c - 2. Give k(c).
5
Let k(r) be the first derivative of -r**2 - 2*r - 1. Determine k(2).
-6
Let y(j) = -2*j**2 + j. Suppose 11 - 2 = 3*f. Suppose -f*g - 1 = 2. Calculate y(g).
-3
Let m(t) = 3*t + 1. Suppose -k - 4*k = -20. Let v(f) = 3*f. Let h(y) = k*v(y) - 5*m(y). Calculate h(-4).
7
Let l(c) = 3*c**2 - c + 4. Let a(f) = 2*f**2 - f + 5. Let s(h) = -3*a(h) + 4*l(h). What is s(1)?
6
Let i(c) = c**2 - 5*c - 1. Suppose -r - 11 = 4*z, -6*z + 17 = 5*r - 4*z. Determine i(r).
-1
Let m(c) = -c**3 - 4*c**2 + 5*c + 3. Let x be m(-5). Let g(q) = 4*q**2 - 5*q + 2. Let i(a) = -a**2 - 1. Let f(h) = x*i(h) + g(h). Give f(4).
-5
Let i be 1/(-6) + (-355)/30. Let v = 8 + i. Let l(t) = -1 - t + 2*t - 2. What is l(v)?
-7
Suppose -3*m + 6 = 3. Let o(x) = 7*x**2 + 11*x + 2. Let t(i) = -i**2 - i - 1. Let q(l) = m*o(l) + 6*t(l). What is q(-6)?
2
Let b(v) be the second derivative of -v**3/6 + v**2/2 + 9*v - 3. Determine b(-3).
4
Suppose -4*l + 2 = -2*l. Suppose -15 = -4*c + l. Let b(d) = 0 + c + d**2 - d - 6*d + d. What is b(5)?
-1
Suppose -1 = -h + 2*h. Let q(r) = -r**2 + r + 1. Determine q(h).
-1
Let l be (2/(-6))/((-2)/(-24)). Let r(q) = -q**3 - 5*q**2 - 6*q - 1. Determine r(l).
7
Let t(g) = -2*g + 2 - 34*g**2 + 33*g**2 + 8*g. Calculate t(7).
-5
Let j(l) = -l**2 + 3*l + l - 3*l - 1 - 2*l. Suppose -2*f = -s + f + 9, 2*f + 2 = 2*s. Calculate j(s).
-7
Let y(r) be the second derivative of -9/2*r**2 + 4/3*r**3 + 0 - 1/12*r**4 + 7*r. Calculate y(6).
3
Let l(k) = k + 3. Let h(z) = -4. Let v(n) = 2*h(n) + 3*l(n). Determine v(-1).
-2
Let z = -45 + 45. Let h(l) = -l**3 + l**2 + 9. Determine h(z).
9
Let t(w) = w. Suppose 3*v = 5*c + 12 + 10, -2*v + 14 = -3*c. Suppose v*p + 5*i - 3 = -2, -4*p = -5*i + 9. What is t(p)?
-1
Suppose 9 = -3*s - 0*s. Let f = s - 1. Let o(h) = -2*h + 1. Determine o(f).
9
Let l(n) = -2*n - 4. Suppose -g + x - 3*x + 5 = 0, 5*x = -4*g + 8. Determine l(g).
2
Let a(d) be the first derivative of d**4/4 - d**2/2 + 2*d + 5. Give a(0).
2
Let x(u) = 2*u + 12. Let j(o) = o + 1. Let g(a) = -1. Let f(k) = 5*g(k) - j(k). Let n(m) = -9*f(m) - 4*x(m). Give n(-6).
0
Let u be 1/(2/6*3). Let v(q) = -q - 1. Give v(u).
-2
Let h be 1/(-4) + 18/8. Suppose 2*p + p - 9 = 0. Let u(v) = -v**2 + v**p + 3*v**2 - 2*v**2. Determine u(h).
8
Let s(b) = -7*b. Suppose 0 = -2*o + 4. Suppose -g + o = g. Determine s(g).
-7
Let a(n) = n**3 + 6*n**2 + 6*n - 3. Let f = 9 - -4. Let w be (18 - f)*(0 - 1). Calculate a(w).
-8
Let q(r) be the first derivative of -3 - 1/3*r**3 + 5*r - 2*r**2. Suppose -4*g = -3*c + c - 20, 3*g = -5*c - 11. Give q(c).
5
Let v(r) = 9*r. Let y = -12 + 11. Calculate v(y).
-9
Let d(k) = 7 + k**2 + 11*k + 6*k - 3*k - 6*k. Let n be 26/(-4) + 1/2. Calculate d(n).
-5
Let n(t) = -14*t + 14. Let x(g) = -g - 5. Let l(b) = -15*b - 70. Let q(j) = 6*l(j) - 85*x(j). Let p(w) = 4*n(w) - 11*q(w). Calculate p(-4).
5
Let j = -61 + 66. Let p(u) = -u**2 + 3*u - 2. Calculate p(j).
-12
Let i(y) = -y**2 - 4*y + 2. Let p(l) = -l**2 - 4*l + 3. Suppose -t - 10 = t. Let s(w) = t*p(w) + 6*i(w). Let q be 1*(4/(-2) + -1). Give s(q).
0
Let s(t) = -6 - 5*t**3 + t**3 - 6*t**2 + 6*t + t**3 + 4*t**3. Let f be s(5). Let g(m) = 7*m + 1. Calculate g(f).
-6
Let n(f) = -f**2 + 7*f**2 + 5*f + 2*f**3 + 5 - f**3. Let x(t) = -t**2 + 4*t + 7. Suppose -2*p = 3*p - 30. Let w be x(p). Calculate n(w).
5
Let l(v) be the third derivative of v**5/60 + v**4/8 - 5*v**3/6 - 4*v**2. Determine l(-5).
5
Let a = -23 + 38. Suppose 0 = 4*j - j - a. Let n(o) = 7 + 0*o - 7*o + o**2 - o. What is n(j)?
-8
Let x(d) = -7*d - 3. Let w(m) = m + 1. Let t(v) = 5*w(v) + x(v). Give t(6).
-10
Let i be 8/(-4) + 9 - 4. Let n(o) = -2 + 10*o - 4*o**2 - 8*o + 2*o + 2*o**i. Suppose b - 8 = -3*b. Give n(b).
6
Let c(o) = o**3 + 4*o**2 - 1. Let s be c(-4). Let r(i) = -i**2 + i + 1. Calculate r(s).
-1
Let v = 5 + -8. Let c = -4 - v. Let d(m) = 7*m - 7*m + 1 - 2*m**2. Determine d(c).
-1
Let v = 0 - 1. Let r(j) be the first derivative of -j**6/120 + j**5/60 + j**4/24 + 2*j**3/3 - 1. Let s(f) be the third derivative of r(f). Calculate s(v).
-4
Let w(b) be the first derivative of b**5/20 + b**4/24 + b**2 - 4. Let h(s) be the second derivative of w(s). Determine h(1).
4
Let b(i) be the first derivative of -5*i**3/3 + i + 13. What is b(1)?
-4
Let r(a) = a**2 + 3*a + 1. Let c = -12 + 9. Calculate r(c).
1
Let q(c) = -c**2 - 3*c - 1. Let f(y) = -2*y**2 - 12*y + 4. Let l be f(-6). Suppose -l*p + 0*p = 16. What is q(p)?
-5
Let b(v) be the first derivative of -9*v**4/4 - v**3/3 - v**2/2 + 15. Give b(-1).
9
Let j(k) be the third derivative of k**5/60 + 5*k**4/8 - 5*k**3/6 - 7*k**2. Let r be j(-15). Let i(n) = n**3 + 5*n**2 + 3. Determine i(r).
3
Let s(c) be the third derivative of -c**5/30 - c**4/24 + 47*c**2. Determine s(2).
-10
Let n(i) = 2*i**2 - i + 1. Let o(f) = -f**3 - f**2 + 1. Let t be o(0). Determine n(t).
2
Let d(q) = -q - 3. Let f be 2*((-10)/4 - -1). Suppose -4 = 2*t + 2. Let x = f - t. Calculate d(x).
-3
Let j(x) be the second derivative of -x**5/20 - x**4/4 + x**3/3 - x**2/2 - x. Let o(f) = -f. Let r(y) = j(y) - o(y). Suppose -3*s - 19 = -7. Calculate r(s).
3
Let s(n) = 1 + 1 - n - 2 + 4. Calculate s(4).
0
Let w(f) = -1 - 5*f - f**2 - 2 + f. Let g = 148 + -153. Determine w(g).
-8
Suppose 4*j + 0*j + 12 = 0. Suppose -3*g = b - 6, -4*g + 4*b + 21 = -g. Let y(w) = w**2 + 1 - 7 + g. What is y(j)?
6
Let s(i) = -6*i - 2. Let o(z) = 5*z + 1. Let f(d) = 5*o(d) + 4*s(d). Determine f(0).
-3
Let d(b) = 3*b**2 - 6*b + 5. Let p(g) = 3*g**2 + 2. Let h(r) = 4*r**2 + r + 2. Let s(v) = 2*h(v) - 3*p(v). Let i(w) = 6*d(w) + 17*s(w). Calculate i(4).
4
Let g(f) = -f**2 - 3*f - 7. Let j(u) = -8*u**2 - 3*u - 20. Let h(o) = 9*o**2 + 2*o + 20. Let b(w) = 5*h(w) + 6*j(w). Let c(y) = -6*b(y) + 17*g(y). What is c(2)?
-1
Suppose -w + 2*s - 8 = 0, w + 6*s - 8 = 4*s. Let o(c) = -c**2 + c + 5. Calculate o(w).
5
Let l(n) = -3*n**3 + 2*n - 1. Suppose -4*g + 13 = -3. Suppose -2*h - 1 + g = -5*b, -3*b = 4*h - 19. Give l(b).
-2
Let m be (-4)/(-6) - 2/3. Let n = -4 - m. Let u(y) = 0*y + 6 - 3*y + 4*y - 1. What is u(n)?
1
Let g(k) = -k**2 + k. Suppose 0 = 5*j - 2*j - 51. Let x = -11 + j. Let t = x - 4. Calculate g(t).
-2
Let j(r) = -2*r**3 + r**2 - 2*r + 1. Let b be (-3)/(-3) + 6 + -5. Determine j(b).
-15
Let j(r) = r**3 + 5*r**2 + 5. Let k be j(-5). Let o(v) = -v**2 + 3*v + 1. What is o(k)?
-9
Let z(d) = d**2 - 1. Let o(l) = l**2 - l - 1. Let s be (0 + 3)/(-3 - -4). Let b(r) = s*o(r) - 2*z(r). Calculate b(2).
-3
Let k(i) = 6*i**3 + 2*i**2 - 3*i + 4. Let j(p) = 0*p**2 - 4*p**2 - 4*p**2 - 12*p**3 - 9 + 7*p + 3*p**2. Let o(s) = 3*j(s) + 7*k(s). Determine o(1).
6
Let r(u) be the first derivative of -u**3/3 + 3*u**2 + 4*u + 14. What is r(7)?
-3
Let c(q) = 4*q**3 + 7*q**2 + 3*q + 2. Let u(m) = -3*m**3 - 6*m**2 - 3*m - 1. Let z(y) = -2*c(y) - 3*u(y). Give z(-3).
-1
Suppose w = b + 2 + 4, -2*w + 8 = -4*b. Let h(s) = s**3 - 9*s**2 + 9*s - 10. Give h(w).
-2
Let i(a) = -a + 1. Suppose -5*u + 21 = 4*v - 4, 0 = -2*u + 2. Calculate i(v).
-4
Let d be ((-4)/10)/(5/25). Let q = d + -4. Let m(z) = z**3 + 6*z**2 - 4. Determine m(q).
-4
Suppose 0 = -4*r - c - 0*c + 2, 4*r + 5*c + 6 = 0. Let f(a) = r - 10*a + 